at is the greatest common divisor of 1004 and 579559?
251
Calculate the highest common divisor of 116042 and 1598.
34
What is the greatest common divisor of 640 and 129152?
128
What is the highest common factor of 124751 and 5203?
121
What is the highest common divisor of 73 and 150818?
73
What is the highest common factor of 37 and 532837?
37
What is the highest common factor of 325 and 1313475?
25
What is the highest common divisor of 310 and 420298?
62
Calculate the greatest common factor of 45 and 360603.
9
What is the highest common factor of 67 and 71?
1
What is the greatest common factor of 2 and 25238?
2
What is the greatest common divisor of 248 and 34658?
62
What is the highest common factor of 105740 and 320?
20
What is the greatest common factor of 53526 and 132?
66
Calculate the greatest common divisor of 28 and 4716628.
28
What is the greatest common factor of 184172 and 164?
164
What is the highest common factor of 45 and 123129?
9
What is the highest common factor of 650296 and 48?
8
Calculate the greatest common factor of 2519 and 5533.
11
Calculate the highest common factor of 624 and 89700.
156
Calculate the greatest common divisor of 28 and 792358.
14
What is the greatest common divisor of 793158 and 1956?
978
Calculate the highest common divisor of 1829147 and 443.
443
Calculate the highest common divisor of 189 and 18963.
63
Calculate the greatest common factor of 3285 and 765.
45
What is the highest common divisor of 704 and 21736?
88
Calculate the greatest common divisor of 308683 and 23.
23
Calculate the greatest common factor of 245575 and 11.
11
What is the highest common divisor of 14910 and 160?
10
What is the highest common divisor of 771 and 65021?
257
What is the greatest common factor of 15478 and 2071?
109
Calculate the greatest common factor of 10244 and 1456.
52
What is the highest common factor of 38804 and 212?
4
What is the highest common factor of 539 and 25487?
77
Calculate the greatest common divisor of 91641 and 330.
33
Calculate the highest common factor of 1836 and 11833020.
1836
Calculate the highest common factor of 147804 and 11300.
452
What is the highest common factor of 63189 and 16992?
531
Calculate the highest common factor of 3250115 and 55.
55
Calculate the highest common divisor of 44121 and 924.
231
Calculate the greatest common divisor of 3498555 and 2606.
1303
Calculate the highest common divisor of 865420 and 20.
20
What is the highest common factor of 556991 and 46?
23
What is the highest common factor of 264674 and 3894?
118
Calculate the highest common factor of 698 and 4383440.
698
What is the greatest common factor of 2912 and 13468?
364
Calculate the greatest common divisor of 1411 and 153.
17
Calculate the greatest common factor of 1111 and 11413.
101
Calculate the highest common factor of 5334 and 502158.
762
Calculate the greatest common divisor of 1146 and 1842.
6
What is the highest common divisor of 15 and 149115?
15
What is the highest common divisor of 2043566 and 14?
14
Calculate the greatest common divisor of 470 and 690806.
94
What is the greatest common factor of 759 and 102971?
253
Calculate the greatest common divisor of 5340 and 80.
20
Calculate the highest common divisor of 333 and 1776.
111
What is the greatest common divisor of 3048 and 87249?
381
Calculate the greatest common divisor of 2136 and 204.
12
Calculate the highest common factor of 520 and 9035.
65
What is the greatest common divisor of 829 and 1?
1
What is the greatest common divisor of 31 and 3953771?
31
What is the greatest common divisor of 12 and 179268?
12
What is the greatest common divisor of 99983 and 13?
13
What is the greatest common divisor of 2041381 and 31?
31
What is the highest common divisor of 1299666 and 1206?
402
Calculate the greatest common divisor of 675 and 283275.
225
Calculate the highest common divisor of 44812 and 68.
68
What is the highest common divisor of 10198 and 6?
2
Calculate the greatest common divisor of 9720 and 100.
20
What is the highest common factor of 735 and 1860285?
735
What is the highest common factor of 44 and 105732?
44
What is the highest common divisor of 78061 and 2761?
251
Calculate the greatest common divisor of 816 and 636.
12
Calculate the greatest common factor of 455834 and 118.
118
Calculate the greatest common factor of 132 and 7962702.
66
What is the greatest common divisor of 12 and 452964?
12
What is the greatest common factor of 13266 and 144?
18
Calculate the greatest common factor of 2301 and 65.
13
What is the highest common divisor of 104 and 374478?
26
What is the greatest common divisor of 115 and 360640?
115
Calculate the greatest common divisor of 1084 and 167207.
271
Calculate the greatest common factor of 32657 and 16184.
289
Calculate the greatest common divisor of 9 and 113.
1
Calculate the greatest common factor of 9828 and 572.
52
Calculate the greatest common divisor of 439296 and 208.
208
What is the highest common factor of 47766 and 6704?
838
Calculate the highest common factor of 272276 and 4730.
86
Calculate the highest common divisor of 8137 and 4635.
103
Calculate the greatest common divisor of 235 and 6486.
47
What is the highest common divisor of 69316 and 156?
52
What is the greatest common factor of 2832 and 67504?
16
What is the greatest common divisor of 105927 and 3689?
527
What is the greatest common factor of 55269 and 276?
69
Calculate the greatest common divisor of 2242 and 29441.
59
What is the greatest common factor of 420 and 426972?
84
What is the greatest common divisor of 34595 and 374?
187
What is the highest common divisor of 5929475 and 25?
25
What is the greatest common divisor of 44977 and 8200?
41
Calculate the highest common divisor of 1386523 and 467.
467
Calculate the highest common divisor of 84599 and 31.
31
Calculate the highest common factor of 106062 and 2134.
22
Calculate the highest common divisor of 167888 and 336.
112
What is the highest common divisor of 1599 and 11931?
123
Calculate the highest common divisor of 3 and 1203.
3
What is the highest common divisor of 572 and 24544?
52
Calculate the greatest common factor of 11256 and 504.
168
What is the greatest common factor of 32 and 9783968?
32
Calculate the highest common divisor of 3381 and 63.
21
Calculate the highest common divisor of 1057 and 57682.
151
Calculate the highest common factor of 36754 and 5865.
391
Calculate the highest common factor of 2304 and 102.
6
Calculate the greatest common factor of 292 and 5276.
4
Calculate the highest common divisor of 6134 and 18.
2
Calculate the highest common divisor of 405 and 1545.
15
What is the highest common divisor of 344 and 222568?
344
What is the greatest common divisor of 27 and 476928?
27
Calculate the greatest common factor of 4050 and 120.
30
Calculate the highest common divisor of 11594 and 33473.
187
Calculate the highest common divisor of 2718 and 6.
6
What is the highest common divisor of 6 and 42171?
3
What is the greatest common divisor of 714 and 7497?
357
Calculate the greatest common divisor of 135926 and 266.
266
Calculate the highest common divisor of 323 and 131461.
323
What is the greatest common divisor of 4602 and 154050?
78
What is the highest common divisor of 54 and 1783782?
54
Calculate the greatest common factor of 891 and 21087.
297
Calculate the greatest common divisor of 4533 and 8.
1
What is the highest common factor of 940 and 20?
20
Calculate the highest common factor of 5475 and 7800.
75
What is the greatest common factor of 1451065 and 55?
55
Calculate the greatest common factor of 24368 and 1168.
16
What is the highest common divisor of 573 and 79647?
573
What is the greatest common factor of 5057 and 474191?
389
Calculate the greatest common factor of 227 and 84671.
227
What is the greatest common divisor of 1240 and 4805?
155
Calculate the highest common factor of 24996552 and 1528.
1528
Calculate the highest common divisor of 6894 and 12.
6
Calculate the greatest common factor of 12 and 6177.
3
What is the highest common factor of 4620 and 96?
12
Calculate the highest common divisor of 1146 and 300.
6
What is the greatest common factor of 7057550 and 190?
190
What is the highest common divisor of 384 and 56256?
192
What is the great